+ 23. Let k = -25 + t. Suppose -2*b + 4 = 0, 4*c = 2*b + 3*b + k. Calculate the highest common divisor of c and 55.
5
Suppose 0*h - 826 = -4*x - 2*h, -4*h - 844 = -4*x. What is the greatest common factor of 52 and x?
52
Let h = -16 + 4. Let s = -7 - h. Suppose -2*y = -s*y + 48. Calculate the highest common divisor of y and 24.
8
Suppose b + 4 + 3 = 4*q, 5 = b. Suppose -q*i + 4*i - 20 = 0. Suppose 17*m + 54 = i*m. What is the highest common factor of 144 and m?
18
Let z(x) = 179*x + 4. Let n be z(1). What is the highest common divisor of 244 and n?
61
Let g(d) = d**2 - 39*d - 297. Let b be g(46). Let q be (14/4)/((-3)/(-114)). Let s = q - 33. What is the greatest common factor of b and s?
25
Let d be 81/18 + (-2)/(-4). Suppose d*h = 4 + 86. Calculate the greatest common factor of h and 12.
6
Suppose -7*j + 9*j = 8. Let k = 22 + j. Calculate the greatest common divisor of k and 182.
26
Suppose -19 = -5*a + 1. Let l(i) = -i + 8. Let v be l(a). Suppose 7*f - v*f - 24 = 0. What is the highest common divisor of f and 88?
8
Suppose -5*r + 1 + 29 = 0. Let q be 2/3 + (-1)/(-3). Let n be (-3)/(3 + -5 + q). Calculate the greatest common factor of n and r.
3
Let x = 948 - 55. What is the highest common divisor of x and 19?
19
Let o(k) = -4*k - 2. Suppose 0*u - 10 = 2*u. Let r be o(u). Calculate the greatest common factor of 90 and r.
18
Let s = -16 + 25. Let v(o) = 4*o + 105. Let p be v(-24). Calculate the greatest common divisor of p and s.
9
Let q = 910 + -294. Suppose -5*c = 4*y - 33, 2*c - 10 = -4*y + 8. Suppose w + q = c*w. Calculate the greatest common factor of 14 and w.
14
Let m(i) = 7*i + 30. Let s be m(0). What is the highest common factor of s and 40?
10
Suppose -j = 5*j - 912. Calculate the highest common divisor of j and 19.
19
Let p = -39 - -47. Suppose -5*o + 77 = -4*s, 0*s + 4*s + 62 = 2*o. Let r = s - -53. Calculate the greatest common divisor of p and r.
8
Let p be (4 + -14)*(-1)/2. Suppose -j + 3*r = -44, 0*j - j + p*r = -52. Calculate the highest common divisor of j and 128.
32
Let s(r) = r**3 - 6*r**2 - 2*r - 15. Let d be s(7). What is the greatest common divisor of 100 and d?
20
Let m(x) = 2*x**3 - 4*x**2 + 4*x + 6. Let g be m(2). Calculate the greatest common divisor of g and 6.
2
Let d(p) = 2*p**2 - 4*p + 57. Let i be d(6). Calculate the highest common factor of 120 and i.
15
Suppose 448*d = 456*d - 944. What is the highest common divisor of d and 59?
59
Suppose -2*w - 16 = -2*y - 2*y, -w - 3 = -y. Suppose 36*i - 41*i = -y. Calculate the greatest common factor of i and 3.
1
Let f = -13 - -24. Suppose 34*z - 44 = 30*z. What is the highest common factor of f and z?
11
Let j = -1416 - -1441. What is the highest common divisor of j and 200?
25
Suppose 1419*l - 1414*l - 65 = 0. Let g be (16/(-20))/((-2)/65). What is the greatest common factor of l and g?
13
Let w(j) = -13*j**2 - 2*j - 3. Let k be w(3). Let q be 24/(-32) + k/(-8). Let v be 16/3 - (-10)/q. What is the highest common factor of v and 4?
2
Suppose 0 = -3*f - 4*t + 191, 5*f - 290 = -3*t + 2*t. Calculate the greatest common factor of 95 and f.
19
Let t(l) = -l**3 + 5*l**2 + 8*l - 7. Let d be t(6). Let r be 4/(-20) - (-301)/d. Let u = 114 - r. Calculate the highest common factor of 18 and u.
18
Let a = -707 - -883. What is the greatest common factor of a and 48?
16
Let v(i) = i**2 - 8*i + 19. Let j be v(7). Calculate the greatest common factor of 39 and j.
3
Let l = -251 - -261. What is the highest common divisor of l and 95?
5
Let j = -1112 - -1152. What is the greatest common divisor of j and 4000?
40
Let d(w) = -31*w - 151. Let p be d(-27). What is the greatest common factor of 49 and p?
49
Suppose 4*x + 4*s = 168, -x + 43 = 4*s + 1. Calculate the greatest common divisor of x and 14.
14
Suppose 5*t - 76 - 169 = 0. Suppose 0 = -u + 3 + 4. Calculate the highest common divisor of t and u.
7
Suppose -11*y + 7*y = -200. Let b = 53 - y. Calculate the highest common factor of b and 15.
3
Let a be (407/37)/(2/82). Calculate the highest common divisor of 82 and a.
41
Suppose 5*i - 5*y - 19 = 51, -2*y = 4*i - 44. Let s = 732 + -624. What is the highest common factor of i and s?
12
Let p = 596 - 556. What is the greatest common divisor of p and 10?
10
Let n = 19 - 15. Suppose -3*k - 2*s - 16 = -532, 3*s - 689 = -n*k. Suppose -k = -4*g - g. Calculate the greatest common factor of 85 and g.
17
Let o be 28 + (-60)/(-24)*-2. Calculate the greatest common divisor of o and 3151.
23
Let i be (-8)/(4 - 38/9). What is the highest common divisor of i and 90?
18
Suppose -6*u = -3*u, -30 = 5*s - u. Let w = 21 + -29. Let b be ((-75)/s)/(-5)*w. Calculate the greatest common factor of 160 and b.
20
Let i be 3*(1 + -3 + 1). Let s be 2 + i + 100/4. Calculate the highest common divisor of 48 and s.
24
Let l = -19 - -24. Suppose 3*x - 5*x = 12. Let n be (-2)/(-4) - 177/x. What is the highest common divisor of l and n?
5
Let d be (-9)/6*896/(-24). Calculate the greatest common factor of d and 40.
8
Let s(q) = 85*q**2 - 2*q - 6. Let c(y) = -254*y**2 + 5*y + 17. Let g(u) = -4*c(u) - 11*s(u). Let l be g(1). Calculate the highest common factor of 9 and l.
9
Let q(u) = 3*u**3 + u**2 + 8*u - 9. Let s be q(4). Calculate the highest common factor of 66 and s.
33
Let o = 301 - 247. Calculate the highest common factor of 594 and o.
54
Let n = 56 - 100. Let p = n - -73. Calculate the greatest common factor of p and 203.
29
Let n be ((-3)/9)/((-2)/36). Let q be ((-4)/n)/((-5)/(-15)). Let l be -1 + 26/2 + q. What is the highest common divisor of 10 and l?
10
Let c be (-4)/(-10) - 38/(-5). Let r be ((-3)/(-9) - 3)*(-6 - -3). What is the greatest common divisor of r and c?
8
Suppose 0 = -d - 0*d - 2*v + 35, 4*d + v - 112 = 0. Suppose x + 2 = 0, -2*l = l + 5*x + 1. What is the highest common divisor of d and l?
3
Let o(s) = -25*s**2 + 278*s - 11. Let h be o(11). What is the greatest common divisor of 77 and h?
11
Let q be 63/(4/(160/15)). What is the highest common factor of q and 21?
21
Let r be 6/(-9)*6/4. Let v be (r/(-3))/((-11)/(-627)). What is the greatest common divisor of 209 and v?
19
Let y(p) = -p**3 + 6*p**2 + 15*p - 12. Let j be y(6). Suppose k - 318 = j. Calculate the greatest common factor of k and 36.
36
Let m be -7 + 4 + (-1 - -1). Let z be 11*m*(-26)/39. What is the highest common divisor of 55 and z?
11
Let z = 30 + -27. Let u be -3 - (-5 - (4 - z)). Suppose u*b + b - 12 = 0. What is the greatest common factor of b and 24?
3
Suppose -20 = p + 24. Let c = p - -78. Suppose z = 2*t - c, 3*z + 84 = t + 4*t. What is the highest common divisor of t and 18?
18
Let d be (-2)/(-7) + 878/14. Suppose -7623 = -79568*r + 79557*r. Calculate the highest common divisor of d and r.
63
Let b be 878/14 - 4/(-14). Let f be (-2 + -20)*(-4 - -1)/(-3). Let z = f - -43. Calculate the highest common factor of b and z.
21
Suppose -13*y + 181 + 365 = 0. Calculate the highest common factor of 182 and y.
14
Suppose -738 = -476*x + 435*x. Calculate the highest common factor of 24 and x.
6
Let k = 26 - 3. Let x be 4*2/20 - 92058/(-1005). What is the highest common factor of k and x?
23
Let c = 12 + -7. Suppose 2 = c*u + 47. Let r = 11 + u. Calculate the greatest common factor of 8 and r.
2
Let v = 46 - 6. What is the highest common divisor of v and 8?
8
Let m be 5030/8 + 54/(-72). Suppose g = 4, -3*g = -4*t - t + m. Calculate the highest common factor of 32 and t.
32
Suppose 188 = 7*n - 99. Let c = -6 + 9. Suppose r + 3 = 0, 3*r = -c*g - 0*r + 1221. Calculate the greatest common divisor of g and n.
41
Let r be -10*((-5)/(-25) + (-6)/(-10)). Let f(s) = s**3 + 9*s**2 + 5*s + 18. Let a be f(r). What is the highest common divisor of 6 and a?
6
Suppose c - 2 + 21 = 0. Let f = c - -27. Let y = 2 + f. What is the highest common factor of 50 and y?
10
Suppose v = 3*c - 438 - 59, 336 = 2*c - 3*v. What is the greatest common divisor of c and 66?
33
Suppose u = -5*l + 150, -4*u + u - 90 = -3*l. Suppose 0*o = 2*o - 5*k - l, o = k + 15. Let f be 541/4 - 20/80. What is the greatest common factor of f and o?
15
Let x(r) = r**2 - r - 10. Let h be x(-4). Calculate the highest common divisor of h and 80.
10
Let w be 1698/5 + 804/60 + -13. Let i be (68/(-10))/((-2)/10). Calculate the highest common divisor of i and w.
34
Let c(s) = -s**2 - 8*s + 2